{"id":8241,"date":"2026-01-14T14:40:14","date_gmt":"2026-01-14T13:40:14","guid":{"rendered":"https:\/\/www.italienisch-werkstatt.de\/?page_id=8241"},"modified":"2026-03-12T11:17:56","modified_gmt":"2026-03-12T10:17:56","slug":"kursprogramm-superintensivkurs-a1-2","status":"publish","type":"page","link":"https:\/\/www.italienisch-werkstatt.de\/en\/kursprogramm-superintensivkurs-a1-2","title":{"rendered":"Kursprogramm Superintensivkurs Italienisch &#8211; A1.2"},"content":{"rendered":"<section class=\"l-section wpb_row height_small color_alternate\"><div class=\"l-section-h i-cf\"><div class=\"g-cols vc_row via_flex valign_top type_default stacking_default\"><div class=\"vc_col-sm-12 wpb_column vc_column_container\"><div class=\"vc_column-inner\"><div class=\"wpb_wrapper\"><div class=\"wpb_text_column\"><div class=\"wpb_wrapper\"><h1>Kursprogramm Superintensivkurs Italienisch \u2013 A1.2<\/h1>\n<p>Die Kursinhalte orientieren sich bei den thematischen Inhalten als auch bei Wortschatz und Grammatik an den GER-Niveaus A1.2.<\/p>\n<\/div><\/div><\/div><\/div><\/div><\/div><\/div><\/section><section class=\"l-section wpb_row height_small\"><div class=\"l-section-h i-cf\"><div class=\"g-cols vc_row via_flex valign_top type_default stacking_default\"><div class=\"vc_col-sm-12 wpb_column vc_column_container\"><div class=\"vc_column-inner\"><div class=\"wpb_wrapper\"><div class=\"wpb_text_column\"><div class=\"wpb_wrapper\"><h2>Kursprogramm Superintensiv:\u00a0Thematischer Inhalt \/ Lernziel:<\/h2>\n<p><strong><span>Thema 1: <\/span><\/strong><span>Alltag und Freizeit<\/span><\/p>\n<p><strong><span>Handlungsorientierte Aufgaben:<\/span><\/strong><span> \u00dcber Freizeitbesch\u00e4ftigungen und \u00fcber seine eigene Wochenplanung sprechen &gt; Gefallen und Nichtgefallen ausdr\u00fccken &gt; Vorlieben nennen &gt; einer Meinung zustimmen oder widersprechen &gt; W\u00fcnsche \u00e4u\u00dfern &gt; nach der Uhrzeit fragen und die Uhrzeit angeben &gt; Zeit-, Orts- und Richtungsangaben benutzen. &#8211; <strong>Grammar<\/strong>: Zusammenfassung: Konjugation aller Verben (-are, -ere, -ire) &gt; die betonten und unbetonten indirekten Objektpronomen (Singular) &gt; komplette Durchkonjugation weitere unregelm\u00e4\u00dfigen Verben (<em>dire<\/em>, <em>salire<\/em>) &gt; die H\u00e4ufigkeitsadverbien &gt; die Verneinung <em>non\u2026.mai <\/em>&gt; <em>mi piace<\/em>\/<em>mi piacciono <\/em>&gt; das Fragepronomen <em>perch\u00e9<\/em>.<\/span><\/p>\n<p><strong><span>Thema 2<\/span><\/strong><span>: Im Hotel<\/span><\/p>\n<p><strong><span>Handlungsorientierte Aufgaben:<\/span><\/strong><span> ein Hotelzimmer reservieren &gt; sich erkundigen und Ausk\u00fcnfte geben &gt; nach dem Zimmerpreis fragen &gt; \u00fcber die Einrichtung eines Zimmers sprechen &gt; nach dem Vorhandensein von Gegenst\u00e4nden fragen &gt; sich im Hotel beschwerden und Pannen im Zimmer melden &gt; eine Ferienwohnung oder -haus beschreiben &gt; eine Ferienwohnung mieten &gt; seine eigene Wahl begr\u00fcnden &gt; das Datum erfragen und angeben &gt; die Ordnungszahlen &gt;\u00a0 die Grundzahlen ab 100 bei Preisen verwenden. &#8211; <\/span><strong><span>Grammar<\/span><\/strong><span>: <em>c'\u00e8 <\/em>and <em>ci sono <\/em>&gt; die \u00f6rtlich bezogenen Pr\u00e4positionen, die Verben <em>potere<\/em> and <em>venire <\/em>&gt; die Pr\u00e4positionen <em>di<\/em>, <em>da<\/em>, <em>a<\/em>, <em>in<\/em>, <em>su<\/em> + bestimmter Artikel &gt; die Zeitangaben <em>da \u2026.a <\/em>&gt; das Fragepronomen <em>quanto<\/em>.<\/span><\/p>\n<p><strong><span>Thema 3<\/span><\/strong><span>: Unterwegs als Tourist in einer italienischen Stadt \u00a0<\/span><\/p>\n<p><strong><span>Handlungsorientierte Aufgaben:<\/span><\/strong><span> einen Ort beschreiben (sagen, was eine Stadt anbietet an Kultur, Freizeit, Sehensw\u00fcrdigkeiten) &gt; einem Touristen Empfehlungen \u00fcber die eigene Stadt geben &gt; auf der Stra\u00dfe um Auskunft bitten und drauf reagieren &gt; einen Weg beschreiben &gt; fragen, ob etwas vorhanden ist &gt; die Uhrzeit sagen &gt; \u00fcber \u00d6ffnungszeiten sprechen &gt; Gesch\u00e4ften, \u00c4mter u.m. einer Stadt benennen &gt; etwas bedauern &gt; sich entschuldigen. &#8211; <\/span><strong><span>Grammar<\/span><\/strong><span>: <em>ci<\/em> in connection with the verb <em>andare <\/em>&gt; Beugung des Adjektivs im Plural (Sonderregel f\u00fcr Substantive auf -co und -go) &gt; der Teilungsartikel &gt; die Verben <em>dovere<\/em> and <em>sapere <\/em>&gt; Fragepronomen <em>quando<\/em> and <em>quale <\/em>&gt; <em>molto<\/em> als Adjektiv und Adverb &gt; die Lokaladverbien (<em>davanti, di fronte, dietro, accanto\u2026<\/em>.).<\/span><\/p>\n<\/div><\/div><\/div><\/div><\/div><\/div><\/div><\/section><section class=\"l-section wpb_row height_small color_alternate\"><div class=\"l-section-h i-cf\"><div class=\"g-cols vc_row via_flex valign_top type_default stacking_default\"><div class=\"vc_col-sm-3 wpb_column vc_column_container\"><div class=\"vc_column-inner\"><div class=\"wpb_wrapper\"><div class=\"wpb_text_column\"><div class=\"wpb_wrapper\"><p><img loading=\"lazy\" decoding=\"async\" class=\"alignnone wp-image-1120 size-full\" src=\"https:\/\/www.italienisch-werkstatt.de\/wp-content\/uploads\/2020\/11\/Italienisch-Sprachdienstleistungen-in-Berlin-1.jpg\" alt=\"Interessante Kursprogramm Superintensivkurs Italienisch \u2013 A1.2\" width=\"734\" height=\"539\" \/><\/p>\n<\/div><\/div><\/div><\/div><\/div><div class=\"vc_col-sm-9 wpb_column vc_column_container\"><div class=\"vc_column-inner\"><div class=\"wpb_wrapper\"><div class=\"wpb_text_column\"><div class=\"wpb_wrapper\"><p>Sie wissen nicht welches Niveau Sie haben? Informieren Sie sich jetzt \u00fcber <a href=\"https:\/\/www.italienisch-werkstatt.de\/en\/einstufungstest-italienisch\" target=\"_blank\" rel=\"noopener\">unseren Italienisch-Einstufungstest<\/a> und testen Sie kostenlos Ihre Sprachkenntnisse<\/p>\n<p><em>Unsere Sprachniveaus sind nach den Kriterien des <a href=\"https:\/\/www.europaeischer-referenzrahmen.de\/sprachniveau.php\" target=\"_blank\" rel=\"noopener\">Common European Framework of Reference for Languages (CEFR)<\/a> definiert. Dieses System teilt Ihre Italienischkenntnisse in vier Fertigkeiten ein: schriftliches und m\u00fcndliches Verst\u00e4ndnis sowie schriftlicher und m\u00fcndlicher Ausdruck.<\/em><\/p>\n<\/div><\/div><\/div><\/div><\/div><\/div><\/div><\/section>","protected":false},"excerpt":{"rendered":"Kursprogramm Superintensivkurs Italienisch \u2013 A1.2 Die Kursinhalte orientieren sich bei den thematischen Inhalten als auch bei Wortschatz und Grammatik an den GER-Niveaus A1.2. Kursprogramm Superintensiv:\u00a0Thematischer Inhalt \/ Lernziel: Thema 1: Alltag und Freizeit Handlungsorientierte Aufgaben: \u00dcber Freizeitbesch\u00e4ftigungen und \u00fcber seine eigene Wochenplanung sprechen &gt; Gefallen und Nichtgefallen ausdr\u00fccken &gt; Vorlieben nennen &gt; einer Meinung zustimmen...","protected":false},"author":13,"featured_media":0,"parent":0,"menu_order":9,"comment_status":"closed","ping_status":"closed","template":"","meta":{"_acf_changed":false,"footnotes":""},"class_list":["post-8241","page","type-page","status-publish","hentry"],"acf":[],"_links":{"self":[{"href":"https:\/\/www.italienisch-werkstatt.de\/en\/wp-json\/wp\/v2\/pages\/8241","targetHints":{"allow":["GET"]}}],"collection":[{"href":"https:\/\/www.italienisch-werkstatt.de\/en\/wp-json\/wp\/v2\/pages"}],"about":[{"href":"https:\/\/www.italienisch-werkstatt.de\/en\/wp-json\/wp\/v2\/types\/page"}],"author":[{"embeddable":true,"href":"https:\/\/www.italienisch-werkstatt.de\/en\/wp-json\/wp\/v2\/users\/13"}],"replies":[{"embeddable":true,"href":"https:\/\/www.italienisch-werkstatt.de\/en\/wp-json\/wp\/v2\/comments?post=8241"}],"version-history":[{"count":5,"href":"https:\/\/www.italienisch-werkstatt.de\/en\/wp-json\/wp\/v2\/pages\/8241\/revisions"}],"predecessor-version":[{"id":8698,"href":"https:\/\/www.italienisch-werkstatt.de\/en\/wp-json\/wp\/v2\/pages\/8241\/revisions\/8698"}],"wp:attachment":[{"href":"https:\/\/www.italienisch-werkstatt.de\/en\/wp-json\/wp\/v2\/media?parent=8241"}],"curies":[{"name":"wp","href":"https:\/\/api.w.org\/{rel}","templated":true}]}}

<section class="l-section wpb_row height_small color_alternate"><div class="l-section-h i-cf"><div class="g-cols vc_row via_flex valign_top type_default stacking_default"><div class="vc_col-sm-12 wpb_column vc_column_container"><div class="vc_column-inner"><div class="wpb_wrapper"><div class="wpb_text_column"><div class="wpb_wrapper"><h1>Kursprogramm Superintensivkurs Italienisch – A1.2</h1>
<p>Die Kursinhalte orientieren sich bei den thematischen Inhalten als auch bei Wortschatz und Grammatik an den GER-Niveaus A1.2.</p>
</div></div></div></div></div></div></div></section><section class="l-section wpb_row height_small"><div class="l-section-h i-cf"><div class="g-cols vc_row via_flex valign_top type_default stacking_default"><div class="vc_col-sm-12 wpb_column vc_column_container"><div class="vc_column-inner"><div class="wpb_wrapper"><div class="wpb_text_column"><div class="wpb_wrapper"><h2>Kursprogramm Superintensiv: Thematischer Inhalt / Lernziel:</h2>
<p><strong><span>Thema 1: </span></strong><span>Alltag und Freizeit</span></p>
<p><strong><span>Handlungsorientierte Aufgaben:</span></strong><span> Über Freizeitbeschäftigungen und über seine eigene Wochenplanung sprechen &gt; Gefallen und Nichtgefallen ausdrücken &gt; Vorlieben nennen &gt; einer Meinung zustimmen oder widersprechen &gt; Wünsche äußern &gt; nach der Uhrzeit fragen und die Uhrzeit angeben &gt; Zeit-, Orts- und Richtungsangaben benutzen. &#8211; <strong>Grammar</strong>: Zusammenfassung: Konjugation aller Verben (-are, -ere, -ire) &gt; die betonten und unbetonten indirekten Objektpronomen (Singular) &gt; komplette Durchkonjugation weitere unregelmäßigen Verben (<em>dire</em>, <em>salire</em>) &gt; die Häufigkeitsadverbien &gt; die Verneinung <em>non….mai </em>&gt; <em>mi piace</em>/<em>mi piacciono </em>&gt; das Fragepronomen <em>perché</em>.</span></p>
<p><strong><span>Thema 2</span></strong><span>: Im Hotel</span></p>
<p><strong><span>Handlungsorientierte Aufgaben:</span></strong><span> ein Hotelzimmer reservieren &gt; sich erkundigen und Auskünfte geben &gt; nach dem Zimmerpreis fragen &gt; über die Einrichtung eines Zimmers sprechen &gt; nach dem Vorhandensein von Gegenständen fragen &gt; sich im Hotel beschwerden und Pannen im Zimmer melden &gt; eine Ferienwohnung oder -haus beschreiben &gt; eine Ferienwohnung mieten &gt; seine eigene Wahl begründen &gt; das Datum erfragen und angeben &gt; die Ordnungszahlen &gt;  die Grundzahlen ab 100 bei Preisen verwenden. &#8211; </span><strong><span>Grammar</span></strong><span>: <em>c'è </em>and <em>ci sono </em>&gt; die örtlich bezogenen Präpositionen, die Verben <em>potere</em> and <em>venire </em>&gt; die Präpositionen <em>di</em>, <em>da</em>, <em>a</em>, <em>in</em>, <em>su</em> + bestimmter Artikel &gt; die Zeitangaben <em>da ….a </em>&gt; das Fragepronomen <em>quanto</em>.</span></p>
<p><strong><span>Thema 3</span></strong><span>: Unterwegs als Tourist in einer italienischen Stadt  </span></p>
<p><strong><span>Handlungsorientierte Aufgaben:</span></strong><span> einen Ort beschreiben (sagen, was eine Stadt anbietet an Kultur, Freizeit, Sehenswürdigkeiten) &gt; einem Touristen Empfehlungen über die eigene Stadt geben &gt; auf der Straße um Auskunft bitten und drauf reagieren &gt; einen Weg beschreiben &gt; fragen, ob etwas vorhanden ist &gt; die Uhrzeit sagen &gt; über Öffnungszeiten sprechen &gt; Geschäften, Ämter u.m. einer Stadt benennen &gt; etwas bedauern &gt; sich entschuldigen. &#8211; </span><strong><span>Grammar</span></strong><span>: <em>ci</em> in connection with the verb <em>andare </em>&gt; Beugung des Adjektivs im Plural (Sonderregel für Substantive auf -co und -go) &gt; der Teilungsartikel &gt; die Verben <em>dovere</em> and <em>sapere </em>&gt; Fragepronomen <em>quando</em> and <em>quale </em>&gt; <em>molto</em> als Adjektiv und Adverb &gt; die Lokaladverbien (<em>davanti, di fronte, dietro, accanto…</em>.).</span></p>
</div></div></div></div></div></div></div></section><section class="l-section wpb_row height_small color_alternate"><div class="l-section-h i-cf"><div class="g-cols vc_row via_flex valign_top type_default stacking_default"><div class="vc_col-sm-3 wpb_column vc_column_container"><div class="vc_column-inner"><div class="wpb_wrapper"><div class="wpb_text_column"><div class="wpb_wrapper"><p><img loading="lazy" decoding="async" class="alignnone wp-image-1120 size-full" src="https://www.italienisch-werkstatt.de/wp-content/uploads/2020/11/Italienisch-Sprachdienstleistungen-in-Berlin-1.jpg" alt="Interessante Kursprogramm Superintensivkurs Italienisch – A1.2" width="734" height="539" /></p>
</div></div></div></div></div><div class="vc_col-sm-9 wpb_column vc_column_container"><div class="vc_column-inner"><div class="wpb_wrapper"><div class="wpb_text_column"><div class="wpb_wrapper"><p>Sie wissen nicht welches Niveau Sie haben? Informieren Sie sich jetzt über <a href="https://www.italienisch-werkstatt.de/en/einstufungstest-italienisch" target="_blank" rel="noopener">unseren Italienisch-Einstufungstest</a> und testen Sie kostenlos Ihre Sprachkenntnisse</p>
<p><em>Unsere Sprachniveaus sind nach den Kriterien des <a href="https://www.europaeischer-referenzrahmen.de/sprachniveau.php" target="_blank" rel="noopener">Common European Framework of Reference for Languages (CEFR)</a> definiert. Dieses System teilt Ihre Italienischkenntnisse in vier Fertigkeiten ein: schriftliches und mündliches Verständnis sowie schriftlicher und mündlicher Ausdruck.</em></p>
</div></div></div></div></div></div></div></section>

Kursprogramm Superintensivkurs Italienisch – A1.2 Die Kursinhalte orientieren sich bei den thematischen Inhalten als auch bei Wortschatz und Grammatik an den GER-Niveaus A1.2. Kursprogramm Superintensiv: Thematischer Inhalt / Lernziel: Thema 1: Alltag und Freizeit Handlungsorientierte Aufgaben: Über Freizeitbeschäftigungen und über seine eigene Wochenplanung sprechen &gt; Gefallen und Nichtgefallen ausdrücken &gt; Vorlieben nennen &gt; einer Meinung zustimmen...
