{"id":8215,"date":"2026-01-12T09:31:03","date_gmt":"2026-01-12T08:31:03","guid":{"rendered":"https:\/\/www.italienisch-werkstatt.de\/?page_id=8215"},"modified":"2026-03-12T11:18:10","modified_gmt":"2026-03-12T10:18:10","slug":"kursprogramm-superintensiv-a2","status":"publish","type":"page","link":"https:\/\/www.italienisch-werkstatt.de\/en\/kursprogramm-superintensiv-a2","title":{"rendered":"Kursprogramm Superintensivkurs Italienisch &#8211; A2"},"content":{"rendered":"<section class=\"l-section wpb_row height_small color_alternate\"><div class=\"l-section-h i-cf\"><div class=\"g-cols vc_row via_flex valign_top type_default stacking_default\"><div class=\"vc_col-sm-12 wpb_column vc_column_container\"><div class=\"vc_column-inner\"><div class=\"wpb_wrapper\"><div class=\"wpb_text_column\"><div class=\"wpb_wrapper\"><h1>Kursprogramm Superintensivkurs Italienisch \u2013 A2<\/h1>\n<p>Die Kursinhalte orientieren sich bei Wortschatz und Grammatik an den GER-Niveaus A2.2 und A2.3. Zur Erf\u00fcllung der Vorgaben des Berliner Senats und weiterer Bundesl\u00e4nder f\u00fcr die Anerkennung des Kurses als Bildungsurlaub liegt der Fokus des Programms explizit auf dem Thema \u201aArbeitswelt\u2018.<\/p>\n<\/div><\/div><\/div><\/div><\/div><\/div><\/div><\/section><section class=\"l-section wpb_row height_small\"><div class=\"l-section-h i-cf\"><div class=\"g-cols vc_row via_flex valign_top type_default stacking_default\"><div class=\"vc_col-sm-12 wpb_column vc_column_container\"><div class=\"vc_column-inner\"><div class=\"wpb_wrapper\"><div class=\"wpb_text_column\"><div class=\"wpb_wrapper\"><h2>Kursprogramm Superintensiv:\u00a0Thematischer Inhalt \/ Lernziel:<\/h2>\n<p><strong>Die Arbeitswelt<\/strong><\/p>\n<p>\u21d2 \u00dcber die berufliche Zukunft sprechen \u21d2 W\u00fcnsche und Absichten f\u00fcr die berufliche Zukunft ausdr\u00fccken \u21d2 Eine Bewerbung schreiben \u21d2 Personalia, Bildungsweg, Qualifikationen und berufliche Erfahrungen auf Papier bringen \u21d2 Ein Vorstellungsgespr\u00e4ch f\u00fchren \u21d2 \u00a0\u00dcber eigene Berufserfahrungen in der Vergangenheit berichten \u21d2 \u00dcber Arbeit und Arbeitsbedingungen sprechen \u21d2 Eigene Vorstellungen und Bedingungen zum Ausdruck bringen.<\/p>\n<p><strong>Firmenkorrespondenz<\/strong><\/p>\n<p>\u21d2 Eine E-Mail schreiben \u21d2 Begr\u00fc\u00dfungs- und Schlussworte \u21d2 Formeln f\u00fcr die Bezugnahme auf fr\u00fchere Kontakte \u21d2 Den Grund einer E-Mail erkl\u00e4ren \u21d2 Eine Anfrage formulieren \u21d2 sich f\u00fcr ein Angebot u.m. bedanken \u21d2 Einladungen Formulieren \u21d2 Termine anbieten \u21d2Auf beigef\u00fcgte Anlagen hinweisen \u21d2 Um eine Antwort\/R\u00fcckmeldung bitten \u21d2 Unterschiede zwischen E-Mail und Briefen.<\/p>\n<p><strong>Telefongespr\u00e4che f\u00fchren<\/strong><\/p>\n<p>\u21d2 Darum bitten, mit einer Person\/mit einer Abteilung zu sprechen \u00a0\u21d2 Sich vorstellen \u21d2 Jemanden in der Leitung warten lassen \u21d2 Sagen, dass die Nummer falsch ist \u21d2 Das Telefonat weiterleiten \u21d2 Den Grund des Anrufs erkl\u00e4ren \u21d2 Eine Nachricht hinterlassen oder entgegennehmen \u21d2 Einen Termin absagen bzw. verschieben.<\/p>\n<p><strong>Unternehmensprofile, die Italien ausmachen<\/strong><\/p>\n<p>\u21d2 \u00dcber Unternehmensprofil reden \u21d2 Der Begriff \u201eMade in Italy\u201c \u21d2 Die Geschichte eines Konzerns erz\u00e4hlen \u21d2 Schwerpunkte einer Firma im Fokus setzen \u21d2 Regionale Identit\u00e4t und Business \u21d2 Kleine Schritte zu eigenen Visionen f\u00fcr einer Existenzgr\u00fcndung<\/p>\n<\/div><\/div><\/div><\/div><\/div><\/div><\/div><\/section><section class=\"l-section wpb_row height_small color_alternate\"><div class=\"l-section-h i-cf\"><div class=\"g-cols vc_row via_flex valign_top type_default stacking_default\"><div class=\"vc_col-sm-12 wpb_column vc_column_container\"><div class=\"vc_column-inner\"><div class=\"wpb_wrapper\"><div class=\"wpb_text_column\"><div class=\"wpb_wrapper\"><h2>Grammar:<\/h2>\n<ul>\n<li><em><span>Futuro presente<\/span><\/em><\/li>\n<li><span>das \u201eman braucht\u201c auf Italienisch: <em>ci vuole<\/em>, <em>metterci, aver bisogno di, bisogna<\/em> <\/span><\/li>\n<li>der reale Bedingungssatz (<em>se<\/em> + Pr\u00e4sens oder Futur)<\/li>\n<li><em><span>Mentre \/durante<\/span><\/em><\/li>\n<li>die Pronomen <em>la<\/em> and <em>le <\/em>(und Zusammenfassung der Personalpronomen, direkt und indirekt)<\/li>\n<li>The <em>passato prossimo<\/em> der Modalverben<\/li>\n<li><em><span>Condizionale presente<\/span><\/em><\/li>\n<li><span>Relativpronomen <em>che<\/em> and <em>cui<\/em><\/span><\/li>\n<li>Der Imperativ (formale und informale) ohne Personalpronomen<\/li>\n<li><span>Zeitadverbien und Verbindungsw\u00f6rter (I)<\/span><\/li>\n<li>Der Imperativ (formale und informale) mit Personalpronomen<\/li>\n<li><em><span>Stare + gerundio<\/span><\/em><\/li>\n<li><em><span>Stare per + infinito<\/span><\/em><\/li>\n<li><em><span>Condizionale presente<\/span><\/em><span> (Vertiefung)<\/span><\/li>\n<li><span>Verbindungsw\u00f6rter (II)<\/span><\/li>\n<li>The <em>congiuntivo presente<\/em> der Verben auf -are, -ere und -ire und einiger unregelm\u00e4\u00dfiger Verben<\/li>\n<li>Der Gebrauch des <em>congiuntivo<\/em> nach Ausdr\u00fccken der Notwendigkeit, nach Verben der pers\u00f6nlichen Meinung und des Hoffens<\/li>\n<li>Wiederholung des Zusammenhangs <em>passato prossimo<\/em> and <em>imperfetto<\/em><\/li>\n<li>Zeitausdr\u00fccke des geschichtlichen Erz\u00e4hlens<\/li>\n<li>Pr\u00e4positionen und Geografie<\/li>\n<\/ul>\n<\/div><\/div><\/div><\/div><\/div><\/div><\/div><\/section><section class=\"l-section wpb_row height_small color_alternate\"><div class=\"l-section-h i-cf\"><div class=\"g-cols vc_row via_flex valign_top type_default stacking_default\"><div class=\"vc_col-sm-3 wpb_column vc_column_container\"><div class=\"vc_column-inner\"><div class=\"wpb_wrapper\"><div class=\"wpb_text_column\"><div class=\"wpb_wrapper\"><p><img loading=\"lazy\" decoding=\"async\" class=\"alignnone wp-image-578 size-full\" src=\"https:\/\/www.italienisch-werkstatt.de\/wp-content\/uploads\/2020\/09\/italienisch-uebersetzungen.png\" alt=\"Interessante Kursprogramm Superintensivkurs Italienisch \u2013 A2\" width=\"402\" height=\"365\" srcset=\"https:\/\/www.italienisch-werkstatt.de\/wp-content\/uploads\/2020\/09\/italienisch-uebersetzungen.png 402w, https:\/\/www.italienisch-werkstatt.de\/wp-content\/uploads\/2020\/09\/italienisch-uebersetzungen-300x272.png 300w\" sizes=\"auto, (max-width: 402px) 100vw, 402px\" \/><\/p>\n<\/div><\/div><\/div><\/div><\/div><div class=\"vc_col-sm-9 wpb_column vc_column_container\"><div class=\"vc_column-inner\"><div class=\"wpb_wrapper\"><div class=\"wpb_text_column\"><div class=\"wpb_wrapper\"><p>Sie wissen nicht welches Niveau Sie haben? Informieren Sie sich jetzt \u00fcber <a href=\"https:\/\/www.italienisch-werkstatt.de\/en\/einstufungstest-italienisch\" target=\"_blank\" rel=\"noopener\">unseren Italienisch-Einstufungstest<\/a> und testen Sie kostenlos Ihre Sprachkenntnisse<\/p>\n<p><em>Unsere Sprachniveaus sind nach den Kriterien des <a href=\"https:\/\/www.europaeischer-referenzrahmen.de\/sprachniveau.php\" target=\"_blank\" rel=\"noopener\">Common European Framework of Reference for Languages (CEFR)<\/a> definiert. Dieses System teilt Ihre Italienischkenntnisse in vier Fertigkeiten ein: schriftliches und m\u00fcndliches Verst\u00e4ndnis sowie schriftlicher und m\u00fcndlicher Ausdruck.<\/em><\/p>\n<\/div><\/div><\/div><\/div><\/div><\/div><\/div><\/section>","protected":false},"excerpt":{"rendered":"Kursprogramm Superintensivkurs Italienisch \u2013 A2 Die Kursinhalte orientieren sich bei Wortschatz und Grammatik an den GER-Niveaus A2.2 und A2.3. Zur Erf\u00fcllung der Vorgaben des Berliner Senats und weiterer Bundesl\u00e4nder f\u00fcr die Anerkennung des Kurses als Bildungsurlaub liegt der Fokus des Programms explizit auf dem Thema \u201aArbeitswelt\u2018. Kursprogramm Superintensiv:\u00a0Thematischer Inhalt \/ Lernziel: Die Arbeitswelt \u21d2 \u00dcber...","protected":false},"author":13,"featured_media":0,"parent":0,"menu_order":9,"comment_status":"closed","ping_status":"closed","template":"","meta":{"_acf_changed":false,"footnotes":""},"class_list":["post-8215","page","type-page","status-publish","hentry"],"acf":[],"_links":{"self":[{"href":"https:\/\/www.italienisch-werkstatt.de\/en\/wp-json\/wp\/v2\/pages\/8215","targetHints":{"allow":["GET"]}}],"collection":[{"href":"https:\/\/www.italienisch-werkstatt.de\/en\/wp-json\/wp\/v2\/pages"}],"about":[{"href":"https:\/\/www.italienisch-werkstatt.de\/en\/wp-json\/wp\/v2\/types\/page"}],"author":[{"embeddable":true,"href":"https:\/\/www.italienisch-werkstatt.de\/en\/wp-json\/wp\/v2\/users\/13"}],"replies":[{"embeddable":true,"href":"https:\/\/www.italienisch-werkstatt.de\/en\/wp-json\/wp\/v2\/comments?post=8215"}],"version-history":[{"count":5,"href":"https:\/\/www.italienisch-werkstatt.de\/en\/wp-json\/wp\/v2\/pages\/8215\/revisions"}],"predecessor-version":[{"id":8699,"href":"https:\/\/www.italienisch-werkstatt.de\/en\/wp-json\/wp\/v2\/pages\/8215\/revisions\/8699"}],"wp:attachment":[{"href":"https:\/\/www.italienisch-werkstatt.de\/en\/wp-json\/wp\/v2\/media?parent=8215"}],"curies":[{"name":"wp","href":"https:\/\/api.w.org\/{rel}","templated":true}]}}

<section class="l-section wpb_row height_small color_alternate"><div class="l-section-h i-cf"><div class="g-cols vc_row via_flex valign_top type_default stacking_default"><div class="vc_col-sm-12 wpb_column vc_column_container"><div class="vc_column-inner"><div class="wpb_wrapper"><div class="wpb_text_column"><div class="wpb_wrapper"><h1>Kursprogramm Superintensivkurs Italienisch – A2</h1>
<p>Die Kursinhalte orientieren sich bei Wortschatz und Grammatik an den GER-Niveaus A2.2 und A2.3. Zur Erfüllung der Vorgaben des Berliner Senats und weiterer Bundesländer für die Anerkennung des Kurses als Bildungsurlaub liegt der Fokus des Programms explizit auf dem Thema ‚Arbeitswelt‘.</p>
</div></div></div></div></div></div></div></section><section class="l-section wpb_row height_small"><div class="l-section-h i-cf"><div class="g-cols vc_row via_flex valign_top type_default stacking_default"><div class="vc_col-sm-12 wpb_column vc_column_container"><div class="vc_column-inner"><div class="wpb_wrapper"><div class="wpb_text_column"><div class="wpb_wrapper"><h2>Kursprogramm Superintensiv: Thematischer Inhalt / Lernziel:</h2>
<p><strong>Die Arbeitswelt</strong></p>
<p>⇒ Über die berufliche Zukunft sprechen ⇒ Wünsche und Absichten für die berufliche Zukunft ausdrücken ⇒ Eine Bewerbung schreiben ⇒ Personalia, Bildungsweg, Qualifikationen und berufliche Erfahrungen auf Papier bringen ⇒ Ein Vorstellungsgespräch führen ⇒  Über eigene Berufserfahrungen in der Vergangenheit berichten ⇒ Über Arbeit und Arbeitsbedingungen sprechen ⇒ Eigene Vorstellungen und Bedingungen zum Ausdruck bringen.</p>
<p><strong>Firmenkorrespondenz</strong></p>
<p>⇒ Eine E-Mail schreiben ⇒ Begrüßungs- und Schlussworte ⇒ Formeln für die Bezugnahme auf frühere Kontakte ⇒ Den Grund einer E-Mail erklären ⇒ Eine Anfrage formulieren ⇒ sich für ein Angebot u.m. bedanken ⇒ Einladungen Formulieren ⇒ Termine anbieten ⇒Auf beigefügte Anlagen hinweisen ⇒ Um eine Antwort/Rückmeldung bitten ⇒ Unterschiede zwischen E-Mail und Briefen.</p>
<p><strong>Telefongespräche führen</strong></p>
<p>⇒ Darum bitten, mit einer Person/mit einer Abteilung zu sprechen  ⇒ Sich vorstellen ⇒ Jemanden in der Leitung warten lassen ⇒ Sagen, dass die Nummer falsch ist ⇒ Das Telefonat weiterleiten ⇒ Den Grund des Anrufs erklären ⇒ Eine Nachricht hinterlassen oder entgegennehmen ⇒ Einen Termin absagen bzw. verschieben.</p>
<p><strong>Unternehmensprofile, die Italien ausmachen</strong></p>
<p>⇒ Über Unternehmensprofil reden ⇒ Der Begriff „Made in Italy“ ⇒ Die Geschichte eines Konzerns erzählen ⇒ Schwerpunkte einer Firma im Fokus setzen ⇒ Regionale Identität und Business ⇒ Kleine Schritte zu eigenen Visionen für einer Existenzgründung</p>
</div></div></div></div></div></div></div></section><section class="l-section wpb_row height_small color_alternate"><div class="l-section-h i-cf"><div class="g-cols vc_row via_flex valign_top type_default stacking_default"><div class="vc_col-sm-12 wpb_column vc_column_container"><div class="vc_column-inner"><div class="wpb_wrapper"><div class="wpb_text_column"><div class="wpb_wrapper"><h2>Grammar:</h2>
<ul>
<li><em><span>Futuro presente</span></em></li>
<li><span>das „man braucht“ auf Italienisch: <em>ci vuole</em>, <em>metterci, aver bisogno di, bisogna</em> </span></li>
<li>der reale Bedingungssatz (<em>se</em> + Präsens oder Futur)</li>
<li><em><span>Mentre /durante</span></em></li>
<li>die Pronomen <em>la</em> and <em>le </em>(und Zusammenfassung der Personalpronomen, direkt und indirekt)</li>
<li>The <em>passato prossimo</em> der Modalverben</li>
<li><em><span>Condizionale presente</span></em></li>
<li><span>Relativpronomen <em>che</em> and <em>cui</em></span></li>
<li>Der Imperativ (formale und informale) ohne Personalpronomen</li>
<li><span>Zeitadverbien und Verbindungswörter (I)</span></li>
<li>Der Imperativ (formale und informale) mit Personalpronomen</li>
<li><em><span>Stare + gerundio</span></em></li>
<li><em><span>Stare per + infinito</span></em></li>
<li><em><span>Condizionale presente</span></em><span> (Vertiefung)</span></li>
<li><span>Verbindungswörter (II)</span></li>
<li>The <em>congiuntivo presente</em> der Verben auf -are, -ere und -ire und einiger unregelmäßiger Verben</li>
<li>Der Gebrauch des <em>congiuntivo</em> nach Ausdrücken der Notwendigkeit, nach Verben der persönlichen Meinung und des Hoffens</li>
<li>Wiederholung des Zusammenhangs <em>passato prossimo</em> and <em>imperfetto</em></li>
<li>Zeitausdrücke des geschichtlichen Erzählens</li>
<li>Präpositionen und Geografie</li>
</ul>
</div></div></div></div></div></div></div></section><section class="l-section wpb_row height_small color_alternate"><div class="l-section-h i-cf"><div class="g-cols vc_row via_flex valign_top type_default stacking_default"><div class="vc_col-sm-3 wpb_column vc_column_container"><div class="vc_column-inner"><div class="wpb_wrapper"><div class="wpb_text_column"><div class="wpb_wrapper"><p><img loading="lazy" decoding="async" class="alignnone wp-image-578 size-full" src="https://www.italienisch-werkstatt.de/wp-content/uploads/2020/09/italienisch-uebersetzungen.png" alt="Interessante Kursprogramm Superintensivkurs Italienisch – A2" width="402" height="365" srcset="https://www.italienisch-werkstatt.de/wp-content/uploads/2020/09/italienisch-uebersetzungen.png 402w, https://www.italienisch-werkstatt.de/wp-content/uploads/2020/09/italienisch-uebersetzungen-300x272.png 300w" sizes="auto, (max-width: 402px) 100vw, 402px" /></p>
</div></div></div></div></div><div class="vc_col-sm-9 wpb_column vc_column_container"><div class="vc_column-inner"><div class="wpb_wrapper"><div class="wpb_text_column"><div class="wpb_wrapper"><p>Sie wissen nicht welches Niveau Sie haben? Informieren Sie sich jetzt über <a href="https://www.italienisch-werkstatt.de/en/einstufungstest-italienisch" target="_blank" rel="noopener">unseren Italienisch-Einstufungstest</a> und testen Sie kostenlos Ihre Sprachkenntnisse</p>
<p><em>Unsere Sprachniveaus sind nach den Kriterien des <a href="https://www.europaeischer-referenzrahmen.de/sprachniveau.php" target="_blank" rel="noopener">Common European Framework of Reference for Languages (CEFR)</a> definiert. Dieses System teilt Ihre Italienischkenntnisse in vier Fertigkeiten ein: schriftliches und mündliches Verständnis sowie schriftlicher und mündlicher Ausdruck.</em></p>
</div></div></div></div></div></div></div></section>

Kursprogramm Superintensivkurs Italienisch – A2 Die Kursinhalte orientieren sich bei Wortschatz und Grammatik an den GER-Niveaus A2.2 und A2.3. Zur Erfüllung der Vorgaben des Berliner Senats und weiterer Bundesländer für die Anerkennung des Kurses als Bildungsurlaub liegt der Fokus des Programms explizit auf dem Thema ‚Arbeitswelt‘. Kursprogramm Superintensiv: Thematischer Inhalt / Lernziel: Die Arbeitswelt ⇒ Über...
